= 43*t**3 - 47*t**2 - 32*t + 145. Let w(a) = -26*a**3 + 24*a**2 + 16*a - 72. Let s(i) = 5*w(i) + 3*z(i). Give s(-20).
-5
Let j(v) = v**3 - 24*v**2 + v - 24. Suppose 52*c + 285 - 1533 = 0. What is j(c)?
0
Let k be (-1705)/62 - 2/(-4). Let d(i) = -i**3 - 28*i**2 - 32*i - 127. Determine d(k).
8
Let y be 6/2 + (-4 - -5). Suppose -y*u + 29 = -23. Let i(r) = r**3 - 13*r**2 + r - 14. Let s be i(u). Let o(x) = -x**2 - x - 1. Calculate o(s).
-1
Let b(a) = 191*a**2 - 24*a + 19. Let c(i) = -223*i**2 + 25*i - 19. Let d(w) = -7*b(w) - 6*c(w). Determine d(-19).
0
Let n(f) = f**2 + 9*f + 5. Let s(r) = -r**3 + 7*r**2 + 79*r - 1. Let a be s(-6). Determine n(a).
-9
Let q(w) = -w**2 - w + 6. Suppose 0 = -86*j + 98*j - 156. Suppose j*i - 12*i + 4 = 0. Calculate q(i).
-6
Let b(x) = -3*x**3 + 39*x**2 + 2*x - 25. Suppose 623 = g + 610. Give b(g).
1
Let c(m) = -2*m + 17. Let u be ((-55)/(-22))/((-3)/72). Let n be (-42)/(-4)*(-40)/u. What is c(n)?
3
Let u = 31083 - 31083. Let k(d) = 2*d**2 + d - 11. Let o(m) = 4*m**2 + 2*m - 22. Let j(f) = -9*k(f) + 4*o(f). What is j(u)?
11
Let k(d) be the third derivative of -d**6/120 + d**4/24 - 19*d**3/2 + 44*d**2 + 5*d - 1. Calculate k(0).
-57
Let y(x) be the third derivative of x**5/60 - 5*x**4/8 + 11*x**3/3 - 19*x**2. Let h(w) = -w**2 - 10*w + 246. Let l be h(11). Give y(l).
22
Let w(h) be the third derivative of -5/24*h**4 + 1/10*h**5 - 52*h**2 - 1/120*h**6 + 0 + 0*h + 1/2*h**3. Give w(4).
15
Let y(x) = 7*x**2 - 4*x - 11. Let q(f) = 24*f**2 - 13*f - 34. Let g(w) = 2*q(w) - 7*y(w). Let n(j) = 2*j**2 + 14*j + 4. Let k be n(-7). Calculate g(k).
1
Let h be ((-12)/(-10))/((-30)/400). Let m be h/3 - (3 + (-49)/21). Let v(x) = 2*x + 7. What is v(m)?
-5
Let a(z) = z**2 - 17*z + 46. Suppose 121*i = 109*i + 156. Determine a(i).
-6
Let v be 17/((-357)/133) - -7. Let y(z) be the first derivative of -2*z**4 + 1/2*z**2 + 0*z + 7 + v*z**3. Calculate y(-1).
9
Let z(i) = -i**3 - 2*i**2 - 3*i - 2. Suppose -57 - 57 = -6*u. Suppose 18*c + 55 = u. Give z(c).
4
Let f(y) = 4*y - 92. Let s(k) = k**2 + 356*k + 1413. Let m be s(-4). Give f(m).
-72
Let v(b) be the first derivative of b**3/3 - 4*b**2 - b + 1237. Calculate v(8).
-1
Let w(g) = -1309*g - 1309*g - 2*g**3 + 2621*g - g**2 - 3. Give w(-3).
33
Let g(p) = -3*p**2 + 13*p + 59. Let u be (-483)/(-322)*28/6. Determine g(u).
3
Let q(s) be the third derivative of s**4/8 + 10*s**3 + 23*s**2 - 41*s. What is q(-22)?
-6
Let s(f) be the first derivative of -f**3/3 - 3*f**2/2 + 5*f + 2066. Let d(q) = -2*q - 5. Let g be d(0). Calculate s(g).
-5
Suppose t - 8 = -j - 0*t, 0 = 4*j - 2*t - 8. Let y(h) be the first derivative of 2*h**2 + h - 86. Calculate y(j).
17
Suppose 33 = -34*u - 341. Let r be ((-225)/27 - u)/((-4)/(-6)). Let z(i) = -i**2 + 4*i - 1. Calculate z(r).
-1
Suppose 26*w = 10*w + 32. Let c be ((-24)/9)/(w/(-3)). Let l(u) = 3 - 2 + 27*u - c - 30*u. Give l(6).
-21
Let q(g) = 20*g - 6*g + 28 + 11 + 7 - 66. What is q(1)?
-6
Let j(r) = 30*r**3 + 24*r**2 - 4*r - 30. Let c(q) = 17*q**3 + 13*q**2 - 2*q - 15. Let o(f) = 7*c(f) - 4*j(f). What is o(-6)?
39
Let v(d) = -35*d + 50. Let h(a) = 32*a - 51. Let j(p) = 11*h(p) + 10*v(p). Give j(22).
-17
Let u = 76 + -74. Let c(z) = 3*z**3 - 4*z + u*z**2 - 10 - z**3 + z - z**3 + 12. Calculate c(2).
12
Let w(x) = 4*x**2 - 2*x - 2. Let d(a) = -6*a**3 + 5*a**2 - 2*a - 2. Let h(c) = d(c) - w(c). Suppose 9 = -3*z, 0 = -2*j - 5*z - 14 + 1. Give h(j).
-5
Let a(f) = -6*f + 86. Suppose -4927 = -287*i - 335. Give a(i).
-10
Let a(s) be the first derivative of -15*s + 13*s + s**2 + 219 + 5*s - 2*s**2. Suppose -4*v + 10 = -14. What is a(v)?
-9
Suppose -5*r = t + 7, -23*t + 18*t - 10 = 0. Let a(i) = i**3 + 2*i**2 + i + 1. Let g(k) = 4*k**3 + 5*k**2 + 4*k - 2. Let c(p) = r*g(p) + 5*a(p). Give c(-5).
2
Let a(i) = i + 7. Suppose 5 - 14 = -4*f - r, 0 = 2*f - r - 9. Suppose 0 = 5*w + f*v - 54, 4 = w - v - 2. Determine a(w).
16
Let h = -1394 + 1414. Let d(a) be the first derivative of 5*a + 1/2*a**2 + h. What is d(-6)?
-1
Let w = -46 - -48. Suppose 0 = 3*z + 2*v - 80, 88 = 3*z + 2*v + w*v. Let c be 32/z*9/2. Let d(q) = -3*q + 8. What is d(c)?
-10
Let j = 465 + -258. Suppose -4*h - 75 = -j. Suppose -7*b = 16 + h. Let n(r) = r**3 + 8*r**2 + 8*r - 2. Give n(b).
-9
Let i(b) = 4*b**3 + 2*b + 1. Suppose 15*n = 14*n + 225. Suppose 10*f - f = n. Let v = f - 26. Give i(v).
-5
Let z(b) = -b - 1. Let h be (-528)/(-56)*(2 + 5). Let s = h - 42. Suppose -3*k - 10 = 3*n - 4*k, -5*k + s = -2*n. Determine z(n).
1
Let j(p) be the third derivative of -2 - 3/8*p**4 + 0*p - 2*p**2 + 5/6*p**3. Calculate j(-4).
41
Let u(c) = -4*c**2 - 2*c + 3. Let j be u(2). Let s be j/(-15) + 46/(-345). Let d(x) = -2*x**2 - 1 - 406*x + 407*x + 3*x**2 - 4*x**3. Determine d(s).
-3
Suppose 5*v + k + 4 = 0, 3*k = -v + 6*k - 4. Let o be (v*3/(-6))/(6/(-48)). Let z(c) = -c**3 - 3*c**2 + c - 1. Calculate z(o).
11
Let v(o) = -33 - 55 - 133 + 24 - 2714*o + 2700*o. Determine v(-15).
13
Let t(a) = 2*a**2 - 40*a - 6. Suppose 2*b - 7*b = 3*j - 75, -b + 3 = 0. What is t(j)?
-6
Let f(p) be the third derivative of -13*p**4/24 - p**3/2 - 13*p**2 - 51. Calculate f(3).
-42
Suppose -j - w - 6 = -3*w, 0 = -4*j - 4*w + 24. Let r(a) = -2 - 49*a**2 + 99*a**j + 3*a - 51*a**2 + a. Give r(4).
-2
Let b(n) = -139*n**2 - 4 + 6 + 279*n**2 - 131*n**2 - 3. Give b(2).
35
Let i(f) = -14*f - 16 + 12*f**2 + 1 - 20*f - 7*f**2 - 14*f. Determine i(10).
5
Let n(d) be the first derivative of -5*d**4/24 - 3*d**3/2 - 34*d**2 + 2*d + 186. Let j(o) be the second derivative of n(o). Give j(-5).
16
Suppose -17*a + 54 = -8*a. Suppose -i = -3*g - a*i, 5*g = i. Suppose x = 4*q - g*q + 8, -2*q = -4*x + 4. Let f(j) = -2*j**2 + 2. Determine f(q).
-6
Let y(x) = x**3 + 11*x**2 - 3*x + 19. Let n(o) = -o**3 - 18*o**2 + 45*o + 89. Let l be n(-20). Give y(l).
52
Suppose 20 = 5*g + f, 3*g + 2*g - 20 = -3*f. Let b = 5 - 2. Suppose b*v = 2*s - 8, 1 + 1 = g*s + v. Let h(m) = 3*m - 1. Give h(s).
2
Let p(m) be the second derivative of m**4/6 + 7*m**3/6 - 55*m**2 - 82*m + 24. Calculate p(6).
4
Suppose 8 = 2*m + 2*m. Let w(i) be the first derivative of -i**5/30 + i**4/24 - 2*i**3/3 - 2*i - 105. Let l(k) be the third derivative of w(k). Determine l(m).
-7
Suppose -18 = -t - 14. Let z(c) = 2*c + 5 - c + 9 - t. Give z(-9).
1
Let p(z) = -z**2 - 24*z + 122. Let t be p(-26). Let j = -70 + t. Let m(v) = -2*v - 10. What is m(j)?
-10
Let t(y) be the first derivative of -y**4/4 + 6*y**3 + 10*y**2 + 31*y - 9727. Give t(19).
50
Suppose 2 + 2 = 2*d. Let n be (10*d)/4 - 3 - -1. Let j(y) = -6 + n + 3 + 2*y**2 - 2. Determine j(-2).
6
Let w(x) = x**2 - 5*x + 1. Let v be w(6). Let f(j) be the third derivative of -j**6/120 + j**5/12 + 3*j**4/8 + j**3/2 - j**2 - 1776. Calculate f(v).
-32
Let r(f) be the first derivative of -f**5/30 + 35*f**3/3 + f**2/2 - 78. Let l(h) be the third derivative of r(h). What is l(2)?
-8
Let m(b) = b**3 - 5*b**2 - 2*b + 16. Let j(f) = 66*f + 1853. Let z be j(-28). Determine m(z).
6
Let j(p) be the second derivative of 1/3*p**3 - 1/24*p**4 - 45*p + 2*p**2 + 0. Let k(l) be the first derivative of j(l). What is k(-5)?
7
Let g(u) = 2*u**3 + 5*u**2 + 9*u - 13. Let c(f) = f**3 + 5*f**2 + 7*f - 11. Let t(v) = 3*c(v) - 2*g(v). Suppose 2*i = 3*n + 5*i, -i = 5*n - 20. Give t(n).
8
Suppose 14 - 2 = 6*n. Let d(u) = 2*u - 56. Let r be d(30). Let i(g) = 12 - r*g**3 + 5 - 16 + g**2 + 3*g**3. Calculate i(n).
-3
Suppose 0 = 288*i - 287*i - 4, -4*r + 16 = 4*i. Let h(y) be the third derivative of r - 1/12*y**4 - 1/2*y**3 + 53*y**2 + 0*y. Calculate h(-2).
1
Let i(y) = -2*y - 3. Let o(t) = t. Suppose 3*p = 4*p, -c - 2*p = -3. Let x(w) = c*o(w) + i(w). Calculate x(9).
6
Suppose 5*o = -3*b - 38, 3*b = -4*o - 11 - 20. Let q be ((-28)/(-8) - 4)*-14. Let c = o + q. Let r(d) = -d**3 + d**2 - d - 9. Give r(c).
-9
Let c(a) = -26*a - 48. Suppose 55*j + 4 = 53*j. Calculate c(j).
4
Let h(q) be the first derivative of -14*q**3/3 + q**2 + 6617. Calculate h(1).
-12
Let h(j) = 6*j**3 + j**2 + 7*j - 7. Let i = 60 + -55. Let x(v) = -7*v**3 - 3*v**2 - 7*v + 8. Let o(b) = i*x(b) + 6*h(b). What is o(8)?
-10
Suppose -41*a + 18 + 64 = 0. Let r(x) = -4*x**a - 143*x**3 + 75*x**3 + 67*x**3 - 2. Give r(-3).
-11
Let g(f) be the second derivative of -f**4/12 - f**3/3 + 3*f**2/2 + 5*f + 1. Let j = 974 + -976. Calculate g(j).
3
Le